00011101100101?
-100011110111111
In base 2, what is 11110 + -10010101111000101?
-10010101110100111
In base 4, what is 300202 - 102132?
132010
In base 14, what is -1928aba - -2?
-1928ab8
In base 14, what is 5 + 7271060?
7271065
In base 13, what is -89b2 - -1a5c?
-6c53
In base 13, what is b - -166964?
166972
In base 14, what is 2c21 - -acc2?
db03
In base 4, what is -2 + -13212300213?
-13212300221
In base 13, what is -7a7 + -4cba7?
-50681
In base 16, what is 230e197 - -4?
230e19b
In base 14, what is -94bd - 81?
-9560
In base 12, what is 165b713b + 0?
165b713b
In base 8, what is 643230 - -30?
643260
In base 7, what is 2 - 135460435?
-135460433
In base 3, what is -100212221 - -1010022?
-22202122
In base 11, what is -1 + -29860180?
-29860181
In base 15, what is -2cc + 1a45?
1768
In base 5, what is 312232340 + 1123?
312234013
In base 4, what is -2231300 - 1122312?
-10020212
In base 2, what is -111100000110111111100 + -11000101?
-111100000111011000001
In base 5, what is 24421343034 - -2?
24421343041
In base 7, what is 260 - -23326456?
23330046
In base 10, what is -150467 + -3?
-150470
In base 12, what is 7b24141 + 1?
7b24142
In base 11, what is -5 - 37a6103?
-37a6108
In base 12, what is 389820 - -54?
389874
In base 6, what is -10531141 - -23050?
-10504051
In base 14, what is 51d97 + 4?
51d9b
In base 3, what is 1 - 101221011010200210?
-101221011010200202
In base 4, what is 10 - -112303110022?
112303110032
In base 12, what is -68229 - 9?
-68236
In base 8, what is -223 - 143137?
-143362
In base 2, what is 1010001 + 101000100101011000011?
101000100101100010100
In base 12, what is -99761538 + 4?
-99761534
In base 16, what is 37f0 + -6f5e?
-376e
In base 11, what is -674507 + -99?
-6745a5
In base 4, what is 31130333222 + 3?
31130333231
In base 2, what is -101 + -11101111001011101001101?
-11101111001011101010010
In base 15, what is -5137 + -4a1?
-55d8
In base 12, what is -b2 + -23256?
-23348
In base 13, what is 1c - -a7035?
a7054
In base 9, what is 72 - 2482822?
-2482740
In base 4, what is -11021100113 - -121?
-11021033332
In base 9, what is 34537343 - -2?
34537345
In base 4, what is 102301200 - -12?
102301212
In base 9, what is 1744875 - -26?
1745012
In base 15, what is -cb8e - -a9?
-cad5
In base 7, what is 50326 + 4551?
55210
In base 16, what is 3 + -1309b0b5?
-1309b0b2
In base 3, what is -222 - -100221221100?
100221220101
In base 8, what is -445300 - 5?
-445305
In base 7, what is 305135145 + 3?
305135151
In base 10, what is -58 + 4396199?
4396141
In base 13, what is -15376b - -178?
-1535c3
In base 2, what is -11010 + -1011100000100110110010?
-1011100000100111001100
In base 11, what is 13 - -1605478?
1605490
In base 8, what is 55 + 41132733?
41133010
In base 8, what is 3512 + 572426?
576140
In base 13, what is -3c642a - 19?
-3c6446
In base 13, what is 1a + 3bb7b?
3bb98
In base 5, what is 1022200424001 - -2?
1022200424003
In base 3, what is -10022122010110 + -2?
-10022122010112
In base 4, what is 10013313300 - 201?
10013313033
In base 14, what is -14736 - -2c3?
-14453
In base 5, what is 42112 + 134?
42301
In base 15, what is -5 + 15d36e4?
15d36de
In base 6, what is 5 + -324224155?
-324224150
In base 15, what is 29d - 9d65?
-9ab7
In base 6, what is 4 - 4032141335?
-4032141331
In base 4, what is -11123222232 - -1?
-11123222231
In base 10, what is -2820 + -17825?
-20645
In base 9, what is -117447 - 20?
-117467
In base 12, what is 5 - -38406b1?
38406b6
In base 10, what is -18 + 2239303?
2239285
In base 5, what is -1412 + 33032200?
33030233
In base 16, what is 12 - 19504f?
-19503d
In base 9, what is 436857 - 50?
436807
In base 9, what is 25043 - -683?
25736
In base 6, what is 3411 - -123400?
131211
In base 4, what is -3323203 + 2003302?
-1313301
In base 13, what is -3b3cc3 + -4?
-3b3cc7
In base 14, what is -242aa + -2c9?
-24595
In base 5, what is 3322242 - 2110?
3320132
In base 15, what is -33 + -a588?
-a5bb
In base 3, what is -2101011201020 + -11?
-2101011201101
In base 6, what is 20222125 - 31?
20222054
In base 8, what is -41 - 165034?
-165075
In base 15, what is 1db6 + -69?
1d4c
In base 12, what is 5b0 - -881a?
920a
In base 16, what is -c827b3 - -2?
-c827b1
In base 8, what is -107656 + -373?
-110251
In base 8, what is -201407644 + 6?
-201407636
In base 6, what is 14 + -52212432?
-52212414
In base 12, what is 3 + 246859a?
24685a1
In base 9, what is 5 + 343050483?
343050488
In base 11, what is -2 + 1a58a0281?
1a58a027a
In base 7, what is -22136 - -236350?
214211
In base 15, what is 0 - -3a5351e?
3a5351e
In base 6, what is 32 - 2155404?
-2155332
In base 3, what is 1 - 220021021001021?
-220021021001020
In base 2, what is 11001111 + 101011100010101011?
101011100101111010
In base 14, what is 90ca9a + -3?
90ca97
In base 6, what is -23550315 + -111?
-23550430
In base 7, what is 36 - -34223611?
34223650
In base 15, what is 8 - -4cb0203?
4cb020b
In base 10, what is 12 + 2286601?
2286613
In base 8, what is 0 + -67106251?
-67106251
In base 15, what is -51d46e + 6?
-51d468
In base 7, what is -164 + -4126640?
-4130134
In base 9, what is -11 + -3831156?
-3831167
In base 6, what is -4 + -3453513041?
-3453513045
In base 13, what is -c59b008 + 1?
-c59b007
In base 7, what is -3164 - -1626?
-1235
In base 13, what is 2 - -801941?
801943
In base 13, what is 3584212 + 5?
3584217
In base 4, what is -102 + 32212031323?
32212031221
In base 12, what is -4 + -1182a710?
-1182a714
In base 4, what is 0 + -12322032121200?
-12322032121200
In base 15, what is 2a747 + 259?
2a9a1
In base 15, what is -5 - 6ce44d?
-6ce453
In base 4, what is -1130 + -213333220?
-220001010
In base 16, what is 2 - 7cb52?
-7cb50
In base 14, what is 1ad + -11699?
-114ca
In base 16, what is 2 + -235319?
-235317
In base 12, what is 12 - 425354?
-425342
In base 5, what is -1232312 + 300100?
-432212
In base 3, what is -120022010202 + -22002?
-120022102211
In base 16, what is -22776ff + 9?
-22776f6
In base 13, what is -172bc5 - -22?
-172ba3
In base 12, what is 1 - -12b25b?
12b260
In base 15, what is 5aea17 - -18?
5aea30
In base 9, what is 2004 + 7530?
10534
In base 3, what is -1212 + 22021000100?
22020221111
In base 11, what is -20146a5 + 12?
-2014693
In base 6, what is -2230131413 - -5?
-2230131404
In base 16, what is -33019889 + -4?
-3301988d
In base 6, what is 421 + -10425054?
-10424233
In base 10, what is -65524 + 8061?
-57463
In base 3, what is 112220 + 10210200220022?
10210201110012
In base 16, what is -5c3 + -6a58?
-701b
In base 14, what is 3c9347 + 57?
3c93a0
In base 16, what is -16d7 - 2a4?
-197b
In base 16, what is 1 + -5858d?
-5858c
In base 11, what is -65a3371 - 4?
-65a3375
In base 5, what is -2333 - -14123241?
14120403
In base 11, what is -6 + 22543572?
22543567
In base 9, what is 4003315 + 2?
4003317
In base 2, what is 1011001100010011000010101100 + -1?
1011001100010011000010101011
In base 13, what is 20471 + 32?
204a3
In base 5, what is -31 - 10343242?
-10343323
In base 6, what is -423 + -4020501?
-4021324
In base 13, what is 97663a - -a?
976647
In base 2, what is 110001 + 1010110000100000000?
1010110000100110001
In base 6, what is -2133345 + 43?
-2133302
In base 7, what is -22133 - -312510?
260344
In base 8, what is 6651 - 34466?
-25615
In base 14, what is -1 + 2713d15?
2713d14
In base 3, what is 211 - 100121000012?
-100120222101
In base 6, what is 12223420211 - -3?
12223420214
In base 13, what is -21677 + -131?
-217a8
In base 4, what is 31202232022 + 3?
31202232031
In base 8, what is 4 + 23614201?
23614205
In base 8, what is 3 + 50163627?
50163632
In base 3, what is -12 + -10022001222220201?
-10022001222220220
In base 8, what is -5 + 412076756?
412076751
In base 16, what is 110547 - -b?
110552
In base 8, what is -3 + -106041337?
-106041342
In base 6, what is 51440 - -1035214?
1131054
In base 7, what is 122160001 + -21?
122156650
In base 5, what is -11 + -44043131241?
-44043131302
In base 15, what is 413 - -5614?
5a27
In base 16, what is -b - -1eee85?
1eee7a
In base 5, what is -4 + 1413341420?
1413341411
In base 9, what is 562 - -35075?
35647
In base 6, what is -4 + 30552343?
30552335
In base 5, what is -121031 + -231213?
-402244
In base 7, what is 3332 - 2166400?
-2163035
In base 14, what is 12 + 23ba45?
23ba57
In base 16, what is -1c7df5f + 5?
-1c7df5a
In base 15, what is 473a1da - -8?
473a1e3
In base